{"id":113,"date":"2023-03-14T11:11:16","date_gmt":"2023-03-14T10:11:16","guid":{"rendered":"https:\/\/www.bwm.de.com\/?page_id=113"},"modified":"2023-03-29T13:39:47","modified_gmt":"2023-03-29T11:39:47","slug":"mitgliedschaften","status":"publish","type":"page","link":"https:\/\/www.bwm.de\/en\/mitgliedschaften\/","title":{"rendered":"Memberships"},"content":{"rendered":"\n<p>As one of the co-founders BWM has been a member of the Fachverband Baustoffe und Bauteile f\u00fcr vorgeh\u00e4ngte, hinterl\u00fcftete Fassaden e.V.- (FVHF) since 1993 (<em>Association for Materials and Components for Rear-Ventilated Facades)<\/em>. Further memberships exist for the&nbsp;Bundesverband Bausysteme e.V. <em>(Federal Association of Construction Systems registered association)<\/em>&nbsp;, in the Deutschen Gesellschaft f\u00fcr nachhaltiges Bauen e.V. <em>(German Sustainable Building Council)<\/em>&nbsp;EU-CLAD as well the CWCT Centre for Window and Cladding Technology. The exchange of experience taking place here and the collaboration with these committees&nbsp;is of great importance&nbsp;for the innovative&nbsp;strengths of BWM.<\/p>\n\n\n\n<hr class=\"wp-block-separator has-alpha-channel-opacity is-style-wide\" \/>\n\n\n\n<div class=\"wp-block-media-text alignwide is-stacked-on-mobile\"><figure class=\"wp-block-media-text__media\"><img loading=\"lazy\" decoding=\"async\" width=\"1024\" height=\"577\" src=\"https:\/\/www.bwm.de\/en\/wp-content\/uploads\/sites\/7\/2023\/03\/FVHF-Logo-1024x577.png\" alt=\"\" class=\"wp-image-2048 size-full\" srcset=\"https:\/\/www.bwm.de\/en\/wp-content\/uploads\/sites\/7\/2023\/03\/FVHF-Logo-1024x577.png 1024w, https:\/\/www.bwm.de\/en\/wp-content\/uploads\/sites\/7\/2023\/03\/FVHF-Logo-300x169.png 300w, https:\/\/www.bwm.de\/en\/wp-content\/uploads\/sites\/7\/2023\/03\/FVHF-Logo-768x433.png 768w, https:\/\/www.bwm.de\/en\/wp-content\/uploads\/sites\/7\/2023\/03\/FVHF-Logo.png 1140w\" sizes=\"auto, (max-width: 1024px) 100vw, 1024px\" \/><\/figure><div class=\"wp-block-media-text__content\">\n<p><a href=\"https:\/\/www.fvhf.de\/\" target=\"_blank\" rel=\"noreferrer noopener\">FVHF &#8211; Fassade der Zukunft<\/a><\/p>\n<\/div><\/div>\n\n\n\n<hr class=\"wp-block-separator has-alpha-channel-opacity is-style-wide\" \/>\n\n\n\n<div class=\"wp-block-media-text alignwide is-stacked-on-mobile\"><figure class=\"wp-block-media-text__media\"><img loading=\"lazy\" decoding=\"async\" width=\"312\" height=\"97\" src=\"https:\/\/www.bwm.de\/en\/wp-content\/uploads\/sites\/7\/2023\/03\/logo-dgnb-ev.png\" alt=\"\" class=\"wp-image-2049 size-full\" srcset=\"https:\/\/www.bwm.de\/en\/wp-content\/uploads\/sites\/7\/2023\/03\/logo-dgnb-ev.png 312w, https:\/\/www.bwm.de\/en\/wp-content\/uploads\/sites\/7\/2023\/03\/logo-dgnb-ev-300x93.png 300w\" sizes=\"auto, (max-width: 312px) 100vw, 312px\" \/><\/figure><div class=\"wp-block-media-text__content\">\n<p><a href=\"https:\/\/www.dgnb.de\/en\/\" target=\"_blank\" rel=\"noreferrer noopener\">DGNB &#8211; German sustainable building council<\/a><\/p>\n<\/div><\/div>\n\n\n\n<hr class=\"wp-block-separator has-alpha-channel-opacity is-style-wide\" \/>\n\n\n\n<div class=\"wp-block-media-text alignwide is-stacked-on-mobile\" style=\"grid-template-columns:51% auto\"><figure class=\"wp-block-media-text__media\"><img loading=\"lazy\" decoding=\"async\" width=\"225\" height=\"214\" src=\"https:\/\/www.bwm.de\/en\/wp-content\/uploads\/sites\/7\/2023\/03\/cwct-logo.jpg\" alt=\"\" class=\"wp-image-2050 size-full\" \/><\/figure><div class=\"wp-block-media-text__content\">\n<p><a href=\"https:\/\/www.cwct.co.uk\/\" target=\"_blank\" rel=\"noreferrer noopener\">CWCT &#8211; Center for window and cladding technology<\/a><\/p>\n<\/div><\/div>\n\n\n\n<hr class=\"wp-block-separator has-alpha-channel-opacity is-style-wide\" \/>\n","protected":false},"excerpt":{"rendered":"<p>As one of the co-founders BWM has been a member of the Fachverband Baustoffe und Bauteile f\u00fcr vorgeh\u00e4ngte, hinterl\u00fcftete Fassaden e.V.- (FVHF) since 1993 (Association for Materials and Components for Rear-Ventilated Facades). Further memberships exist for the&nbsp;Bundesverband Bausysteme e.V. (Federal Association of Construction Systems registered association)&nbsp;, in the Deutschen Gesellschaft f\u00fcr nachhaltiges Bauen e.V. (German [&hellip;]<\/p>\n","protected":false},"author":10,"featured_media":0,"parent":0,"menu_order":0,"comment_status":"open","ping_status":"open","template":"","meta":{"_acf_changed":false,"footnotes":""},"class_list":["post-113","page","type-page","status-publish","hentry"],"acf":[],"yoast_head":"<!-- This site is optimized with the Yoast SEO plugin v26.8 - https:\/\/yoast.com\/product\/yoast-seo-wordpress\/ -->\n<title>Memberships - EN - BWM Fassadensysteme GmbH<\/title>\n<meta name=\"robots\" content=\"index, follow, max-snippet:-1, max-image-preview:large, max-video-preview:-1\" \/>\n<link rel=\"canonical\" href=\"https:\/\/www.bwm.de\/en\/mitgliedschaften\/\" \/>\n<meta property=\"og:locale\" content=\"de_DE\" \/>\n<meta property=\"og:type\" content=\"article\" \/>\n<meta property=\"og:title\" content=\"Memberships - EN - BWM Fassadensysteme GmbH\" \/>\n<meta property=\"og:description\" content=\"As one of the co-founders BWM has been a member of the Fachverband Baustoffe und Bauteile f\u00fcr vorgeh\u00e4ngte, hinterl\u00fcftete Fassaden e.V.- (FVHF) since 1993 (Association for Materials and Components for Rear-Ventilated Facades). Further memberships exist for the&nbsp;Bundesverband Bausysteme e.V. (Federal Association of Construction Systems registered association)&nbsp;, in the Deutschen Gesellschaft f\u00fcr nachhaltiges Bauen e.V. (German [&hellip;]\" \/>\n<meta property=\"og:url\" content=\"https:\/\/www.bwm.de\/en\/mitgliedschaften\/\" \/>\n<meta property=\"og:site_name\" content=\"EN - BWM Fassadensysteme GmbH\" \/>\n<meta property=\"article:modified_time\" content=\"2023-03-29T11:39:47+00:00\" \/>\n<meta property=\"og:image\" content=\"https:\/\/www.bwm.de\/en\/wp-content\/uploads\/sites\/7\/2023\/03\/FVHF-Logo-1024x577.png\" \/>\n<meta name=\"twitter:card\" content=\"summary_large_image\" \/>\n<meta name=\"twitter:label1\" content=\"Gesch\u00e4tzte Lesezeit\" \/>\n\t<meta name=\"twitter:data1\" content=\"2\u00a0Minuten\" \/>\n<script type=\"application\/ld+json\" class=\"yoast-schema-graph\">{\"@context\":\"https:\/\/schema.org\",\"@graph\":[{\"@type\":\"WebPage\",\"@id\":\"https:\/\/www.bwm.de\/en\/mitgliedschaften\/\",\"url\":\"https:\/\/www.bwm.de\/en\/mitgliedschaften\/\",\"name\":\"Memberships - EN - BWM Fassadensysteme GmbH\",\"isPartOf\":{\"@id\":\"https:\/\/www.bwm.de\/en\/#website\"},\"primaryImageOfPage\":{\"@id\":\"https:\/\/www.bwm.de\/en\/mitgliedschaften\/#primaryimage\"},\"image\":{\"@id\":\"https:\/\/www.bwm.de\/en\/mitgliedschaften\/#primaryimage\"},\"thumbnailUrl\":\"https:\/\/www.bwm.de\/en\/wp-content\/uploads\/sites\/7\/2023\/03\/FVHF-Logo-1024x577.png\",\"datePublished\":\"2023-03-14T10:11:16+00:00\",\"dateModified\":\"2023-03-29T11:39:47+00:00\",\"breadcrumb\":{\"@id\":\"https:\/\/www.bwm.de\/en\/mitgliedschaften\/#breadcrumb\"},\"inLanguage\":\"de\",\"potentialAction\":[{\"@type\":\"ReadAction\",\"target\":[\"https:\/\/www.bwm.de\/en\/mitgliedschaften\/\"]}]},{\"@type\":\"ImageObject\",\"inLanguage\":\"de\",\"@id\":\"https:\/\/www.bwm.de\/en\/mitgliedschaften\/#primaryimage\",\"url\":\"https:\/\/www.bwm.de\/en\/wp-content\/uploads\/sites\/7\/2023\/03\/FVHF-Logo.png\",\"contentUrl\":\"https:\/\/www.bwm.de\/en\/wp-content\/uploads\/sites\/7\/2023\/03\/FVHF-Logo.png\",\"width\":1140,\"height\":642},{\"@type\":\"BreadcrumbList\",\"@id\":\"https:\/\/www.bwm.de\/en\/mitgliedschaften\/#breadcrumb\",\"itemListElement\":[{\"@type\":\"ListItem\",\"position\":1,\"name\":\"Home\",\"item\":\"https:\/\/www.bwm.de\/en\/\"},{\"@type\":\"ListItem\",\"position\":2,\"name\":\"Memberships\"}]},{\"@type\":\"WebSite\",\"@id\":\"https:\/\/www.bwm.de\/en\/#website\",\"url\":\"https:\/\/www.bwm.de\/en\/\",\"name\":\"EN - BWM Fassadensysteme GmbH\",\"description\":\"\",\"potentialAction\":[{\"@type\":\"SearchAction\",\"target\":{\"@type\":\"EntryPoint\",\"urlTemplate\":\"https:\/\/www.bwm.de\/en\/?s={search_term_string}\"},\"query-input\":{\"@type\":\"PropertyValueSpecification\",\"valueRequired\":true,\"valueName\":\"search_term_string\"}}],\"inLanguage\":\"de\"}]}<\/script>\n<!-- \/ Yoast SEO plugin. -->","yoast_head_json":{"title":"Memberships - EN - BWM Fassadensysteme GmbH","robots":{"index":"index","follow":"follow","max-snippet":"max-snippet:-1","max-image-preview":"max-image-preview:large","max-video-preview":"max-video-preview:-1"},"canonical":"https:\/\/www.bwm.de\/en\/mitgliedschaften\/","og_locale":"de_DE","og_type":"article","og_title":"Memberships - EN - BWM Fassadensysteme GmbH","og_description":"As one of the co-founders BWM has been a member of the Fachverband Baustoffe und Bauteile f\u00fcr vorgeh\u00e4ngte, hinterl\u00fcftete Fassaden e.V.- (FVHF) since 1993 (Association for Materials and Components for Rear-Ventilated Facades). Further memberships exist for the&nbsp;Bundesverband Bausysteme e.V. (Federal Association of Construction Systems registered association)&nbsp;, in the Deutschen Gesellschaft f\u00fcr nachhaltiges Bauen e.V. (German [&hellip;]","og_url":"https:\/\/www.bwm.de\/en\/mitgliedschaften\/","og_site_name":"EN - BWM Fassadensysteme GmbH","article_modified_time":"2023-03-29T11:39:47+00:00","og_image":[{"url":"https:\/\/www.bwm.de\/en\/wp-content\/uploads\/sites\/7\/2023\/03\/FVHF-Logo-1024x577.png","type":"","width":"","height":""}],"twitter_card":"summary_large_image","twitter_misc":{"Gesch\u00e4tzte Lesezeit":"2\u00a0Minuten"},"schema":{"@context":"https:\/\/schema.org","@graph":[{"@type":"WebPage","@id":"https:\/\/www.bwm.de\/en\/mitgliedschaften\/","url":"https:\/\/www.bwm.de\/en\/mitgliedschaften\/","name":"Memberships - EN - BWM Fassadensysteme GmbH","isPartOf":{"@id":"https:\/\/www.bwm.de\/en\/#website"},"primaryImageOfPage":{"@id":"https:\/\/www.bwm.de\/en\/mitgliedschaften\/#primaryimage"},"image":{"@id":"https:\/\/www.bwm.de\/en\/mitgliedschaften\/#primaryimage"},"thumbnailUrl":"https:\/\/www.bwm.de\/en\/wp-content\/uploads\/sites\/7\/2023\/03\/FVHF-Logo-1024x577.png","datePublished":"2023-03-14T10:11:16+00:00","dateModified":"2023-03-29T11:39:47+00:00","breadcrumb":{"@id":"https:\/\/www.bwm.de\/en\/mitgliedschaften\/#breadcrumb"},"inLanguage":"de","potentialAction":[{"@type":"ReadAction","target":["https:\/\/www.bwm.de\/en\/mitgliedschaften\/"]}]},{"@type":"ImageObject","inLanguage":"de","@id":"https:\/\/www.bwm.de\/en\/mitgliedschaften\/#primaryimage","url":"https:\/\/www.bwm.de\/en\/wp-content\/uploads\/sites\/7\/2023\/03\/FVHF-Logo.png","contentUrl":"https:\/\/www.bwm.de\/en\/wp-content\/uploads\/sites\/7\/2023\/03\/FVHF-Logo.png","width":1140,"height":642},{"@type":"BreadcrumbList","@id":"https:\/\/www.bwm.de\/en\/mitgliedschaften\/#breadcrumb","itemListElement":[{"@type":"ListItem","position":1,"name":"Home","item":"https:\/\/www.bwm.de\/en\/"},{"@type":"ListItem","position":2,"name":"Memberships"}]},{"@type":"WebSite","@id":"https:\/\/www.bwm.de\/en\/#website","url":"https:\/\/www.bwm.de\/en\/","name":"EN - BWM Fassadensysteme GmbH","description":"","potentialAction":[{"@type":"SearchAction","target":{"@type":"EntryPoint","urlTemplate":"https:\/\/www.bwm.de\/en\/?s={search_term_string}"},"query-input":{"@type":"PropertyValueSpecification","valueRequired":true,"valueName":"search_term_string"}}],"inLanguage":"de"}]}},"_links":{"self":[{"href":"https:\/\/www.bwm.de\/en\/wp-json\/wp\/v2\/pages\/113","targetHints":{"allow":["GET"]}}],"collection":[{"href":"https:\/\/www.bwm.de\/en\/wp-json\/wp\/v2\/pages"}],"about":[{"href":"https:\/\/www.bwm.de\/en\/wp-json\/wp\/v2\/types\/page"}],"author":[{"embeddable":true,"href":"https:\/\/www.bwm.de\/en\/wp-json\/wp\/v2\/users\/10"}],"replies":[{"embeddable":true,"href":"https:\/\/www.bwm.de\/en\/wp-json\/wp\/v2\/comments?post=113"}],"version-history":[{"count":17,"href":"https:\/\/www.bwm.de\/en\/wp-json\/wp\/v2\/pages\/113\/revisions"}],"predecessor-version":[{"id":2124,"href":"https:\/\/www.bwm.de\/en\/wp-json\/wp\/v2\/pages\/113\/revisions\/2124"}],"wp:attachment":[{"href":"https:\/\/www.bwm.de\/en\/wp-json\/wp\/v2\/media?parent=113"}],"curies":[{"name":"wp","href":"https:\/\/api.w.org\/{rel}","templated":true}]}}

<p>As one of the co-founders BWM has been a member of the Fachverband Baustoffe und Bauteile für vorgehängte, hinterlüftete Fassaden e.V.- (FVHF) since 1993 (<em>Association for Materials and Components for Rear-Ventilated Facades)</em>. Further memberships exist for the&nbsp;Bundesverband Bausysteme e.V. <em>(Federal Association of Construction Systems registered association)</em>&nbsp;, in the Deutschen Gesellschaft für nachhaltiges Bauen e.V. <em>(German Sustainable Building Council)</em>&nbsp;EU-CLAD as well the CWCT Centre for Window and Cladding Technology. The exchange of experience taking place here and the collaboration with these committees&nbsp;is of great importance&nbsp;for the innovative&nbsp;strengths of BWM.</p>



<hr class="wp-block-separator has-alpha-channel-opacity is-style-wide" />



<div class="wp-block-media-text alignwide is-stacked-on-mobile"><figure class="wp-block-media-text__media"><img loading="lazy" decoding="async" width="1024" height="577" src="https://www.bwm.de/en/wp-content/uploads/sites/7/2023/03/FVHF-Logo-1024x577.png" alt="" class="wp-image-2048 size-full" srcset="https://www.bwm.de/en/wp-content/uploads/sites/7/2023/03/FVHF-Logo-1024x577.png 1024w, https://www.bwm.de/en/wp-content/uploads/sites/7/2023/03/FVHF-Logo-300x169.png 300w, https://www.bwm.de/en/wp-content/uploads/sites/7/2023/03/FVHF-Logo-768x433.png 768w, https://www.bwm.de/en/wp-content/uploads/sites/7/2023/03/FVHF-Logo.png 1140w" sizes="auto, (max-width: 1024px) 100vw, 1024px" /></figure><div class="wp-block-media-text__content">
<p><a href="https://www.fvhf.de/" target="_blank" rel="noreferrer noopener">FVHF &#8211; Fassade der Zukunft</a></p>
</div></div>



<hr class="wp-block-separator has-alpha-channel-opacity is-style-wide" />



<div class="wp-block-media-text alignwide is-stacked-on-mobile"><figure class="wp-block-media-text__media"><img loading="lazy" decoding="async" width="312" height="97" src="https://www.bwm.de/en/wp-content/uploads/sites/7/2023/03/logo-dgnb-ev.png" alt="" class="wp-image-2049 size-full" srcset="https://www.bwm.de/en/wp-content/uploads/sites/7/2023/03/logo-dgnb-ev.png 312w, https://www.bwm.de/en/wp-content/uploads/sites/7/2023/03/logo-dgnb-ev-300x93.png 300w" sizes="auto, (max-width: 312px) 100vw, 312px" /></figure><div class="wp-block-media-text__content">
<p><a href="https://www.dgnb.de/en/" target="_blank" rel="noreferrer noopener">DGNB &#8211; German sustainable building council</a></p>
</div></div>



<hr class="wp-block-separator has-alpha-channel-opacity is-style-wide" />



<div class="wp-block-media-text alignwide is-stacked-on-mobile" style="grid-template-columns:51% auto"><figure class="wp-block-media-text__media"><img loading="lazy" decoding="async" width="225" height="214" src="https://www.bwm.de/en/wp-content/uploads/sites/7/2023/03/cwct-logo.jpg" alt="" class="wp-image-2050 size-full" /></figure><div class="wp-block-media-text__content">
<p><a href="https://www.cwct.co.uk/" target="_blank" rel="noreferrer noopener">CWCT &#8211; Center for window and cladding technology</a></p>
</div></div>



<hr class="wp-block-separator has-alpha-channel-opacity is-style-wide" />

<p>As one of the co-founders BWM has been a member of the Fachverband Baustoffe und Bauteile für vorgehängte, hinterlüftete Fassaden e.V.- (FVHF) since 1993 (Association for Materials and Components for Rear-Ventilated Facades). Further memberships exist for the&nbsp;Bundesverband Bausysteme e.V. (Federal Association of Construction Systems registered association)&nbsp;, in the Deutschen Gesellschaft für nachhaltiges Bauen e.V. (German [&hellip;]</p>

<!-- This site is optimized with the Yoast SEO plugin v26.8 - https://yoast.com/product/yoast-seo-wordpress/ -->
<title>Memberships - EN - BWM Fassadensysteme GmbH</title>
<meta name="robots" content="index, follow, max-snippet:-1, max-image-preview:large, max-video-preview:-1" />
<link rel="canonical" href="https://www.bwm.de/en/mitgliedschaften/" />
<meta property="og:locale" content="de_DE" />
<meta property="og:type" content="article" />
<meta property="og:title" content="Memberships - EN - BWM Fassadensysteme GmbH" />
<meta property="og:description" content="As one of the co-founders BWM has been a member of the Fachverband Baustoffe und Bauteile für vorgehängte, hinterlüftete Fassaden e.V.- (FVHF) since 1993 (Association for Materials and Components for Rear-Ventilated Facades). Further memberships exist for the&nbsp;Bundesverband Bausysteme e.V. (Federal Association of Construction Systems registered association)&nbsp;, in the Deutschen Gesellschaft für nachhaltiges Bauen e.V. (German [&hellip;]" />
<meta property="og:url" content="https://www.bwm.de/en/mitgliedschaften/" />
<meta property="og:site_name" content="EN - BWM Fassadensysteme GmbH" />
<meta property="article:modified_time" content="2023-03-29T11:39:47+00:00" />
<meta property="og:image" content="https://www.bwm.de/en/wp-content/uploads/sites/7/2023/03/FVHF-Logo-1024x577.png" />
<meta name="twitter:card" content="summary_large_image" />
<meta name="twitter:label1" content="Geschätzte Lesezeit" />
	<meta name="twitter:data1" content="2 Minuten" />
<script type="application/ld+json" class="yoast-schema-graph">{"@context":"https://schema.org","@graph":[{"@type":"WebPage","@id":"https://www.bwm.de/en/mitgliedschaften/","url":"https://www.bwm.de/en/mitgliedschaften/","name":"Memberships - EN - BWM Fassadensysteme GmbH","isPartOf":{"@id":"https://www.bwm.de/en/#website"},"primaryImageOfPage":{"@id":"https://www.bwm.de/en/mitgliedschaften/#primaryimage"},"image":{"@id":"https://www.bwm.de/en/mitgliedschaften/#primaryimage"},"thumbnailUrl":"https://www.bwm.de/en/wp-content/uploads/sites/7/2023/03/FVHF-Logo-1024x577.png","datePublished":"2023-03-14T10:11:16+00:00","dateModified":"2023-03-29T11:39:47+00:00","breadcrumb":{"@id":"https://www.bwm.de/en/mitgliedschaften/#breadcrumb"},"inLanguage":"de","potentialAction":[{"@type":"ReadAction","target":["https://www.bwm.de/en/mitgliedschaften/"]}]},{"@type":"ImageObject","inLanguage":"de","@id":"https://www.bwm.de/en/mitgliedschaften/#primaryimage","url":"https://www.bwm.de/en/wp-content/uploads/sites/7/2023/03/FVHF-Logo.png","contentUrl":"https://www.bwm.de/en/wp-content/uploads/sites/7/2023/03/FVHF-Logo.png","width":1140,"height":642},{"@type":"BreadcrumbList","@id":"https://www.bwm.de/en/mitgliedschaften/#breadcrumb","itemListElement":[{"@type":"ListItem","position":1,"name":"Home","item":"https://www.bwm.de/en/"},{"@type":"ListItem","position":2,"name":"Memberships"}]},{"@type":"WebSite","@id":"https://www.bwm.de/en/#website","url":"https://www.bwm.de/en/","name":"EN - BWM Fassadensysteme GmbH","description":"","potentialAction":[{"@type":"SearchAction","target":{"@type":"EntryPoint","urlTemplate":"https://www.bwm.de/en/?s={search_term_string}"},"query-input":{"@type":"PropertyValueSpecification","valueRequired":true,"valueName":"search_term_string"}}],"inLanguage":"de"}]}</script>
<!-- / Yoast SEO plugin. -->

As one of the co-founders BWM has been a member of the Fachverband Baustoffe und Bauteile für vorgehängte, hinterlüftete Fassaden e.V.- (FVHF) since 1993 (Association for Materials and Components for Rear-Ventilated Facades). Further memberships exist for the&nbsp;Bundesverband Bausysteme e.V. (Federal Association of Construction Systems registered association)&nbsp;, in the Deutschen Gesellschaft für nachhaltiges Bauen e.V. (German [&hellip;]
